{"id":510,"date":"2020-08-09T17:19:37","date_gmt":"2020-08-09T17:19:37","guid":{"rendered":"https:\/\/cvio-demo.bslthemes.com\/ve1\/?page_id=510"},"modified":"2024-03-03T16:12:49","modified_gmt":"2024-03-03T16:12:49","slug":"home-personal","status":"publish","type":"page","link":"https:\/\/mikael-fourny.fr\/","title":{"rendered":"Mika\u00ebl FOURNY &#8211; Personal Website"},"content":{"rendered":"\t\t<div data-elementor-type=\"wp-page\" data-elementor-id=\"510\" class=\"elementor elementor-510\">\n\t\t\t\t\t\t\t\t\t<section class=\"elementor-section elementor-top-section elementor-element elementor-element-ca637e2 elementor-section-full_width elementor-section-height-default elementor-section-height-default\" data-id=\"ca637e2\" data-element_type=\"section\">\n\t\t\t\t\t\t<div class=\"elementor-container elementor-column-gap-no\">\n\t\t\t\t\t<div class=\"elementor-column elementor-col-100 elementor-top-column elementor-element elementor-element-c232961\" data-id=\"c232961\" data-element_type=\"column\">\n\t\t\t<div class=\"elementor-widget-wrap elementor-element-populated\">\n\t\t\t\t\t\t\t\t<div class=\"elementor-element elementor-element-b5fea37 elementor-widget elementor-widget-cvio-started-section\" data-id=\"b5fea37\" data-element_type=\"widget\" data-widget_type=\"cvio-started-section.default\">\n\t\t\t\t<div class=\"elementor-widget-container\">\n\t\t\t\n\t\t<!-- Section Started -->\n\t\t<div class=\"section started personal\">\n\n\t\t\t\t\t\t<div class=\"video-bg\">\n\t\t\t\t<div class=\"video-bg-mask\"><\/div>\n\t\t\t\t\t\t\t<\/div>\n\t\t\t\n\t\t\t\n\t\t\t\n\t\t\t\n\t\t\t\n\t\t\t<div class=\"centrize full-width\">\n\t\t\t\t<div class=\"vertical-center\">\n\t\t\t\t\t<div class=\"started-content\">\n\n\t\t\t\t\t\t\t\t\t\t\t\t\t\t\t\t\t\t\t\t<div class=\"logo\" style=\"background-image: url(https:\/\/mikael-fourny.fr\/wp-content\/uploads\/2022\/12\/2013-20-1280x720.jpg);\"><\/div>\n\t\t\t\t\t\t\t\t\t\t\t\t\t\n\t\t\t\t\t\t\t\t\t\t\t\t<h1 class=\"h-title\">\n\t\t\t\t\t\t\t<span {{{ view.getRenderAttributeString( 'title' ) }}}>\n\t\t\t\t\t\t\t\tHello, I\u2019m <strong>Mika\u00ebl Fourny<\/strong>, Expert in digital <br>\nand contribution of expertise\t\t\t\t\t\t\t<\/span>\n\t\t\t\t\t\t<\/h1>\n\t\t\t\t\t\t\n\t\t\t\t\t\t\t\t\t\t\t\t<div class=\"h-subtitles\">\n\t\t\t\t\t\t\t<div class=\"h-subtitle typing-subtitle\">\n\t\t\t\t\t\t\t\t\t\t\t\t\t\t\t\t<p>But also <strong>Blockchain specialist<\/strong><\/p>\n\t\t\t\t\t\t\t\t\t\t\t\t\t\t\t\t<p>But also <strong>Web 3 specialist<\/strong><\/p>\n\t\t\t\t\t\t\t\t\t\t\t\t\t\t\t\t<p>But also <strong>Teacher<\/strong><\/p>\n\t\t\t\t\t\t\t\t\t\t\t\t\t\t\t\t<p>But also <strong>Projet manager<\/strong><\/p>\n\t\t\t\t\t\t\t\t\t\t\t\t\t\t\t\t<p>But also <strong>Former<\/strong><\/p>\n\t\t\t\t\t\t\t\t\t\t\t\t\t\t\t<\/div>\n\t\t\t\t\t\t\t<span class=\"typed-subtitle\" data-tspeed=\"100\" data-tdelay=\"500\"><\/span>\n\t\t\t\t\t\t<\/div>\n\t\t\t\t\t\t\n\t\t\t\t\t\t\n\t\t\t\t\t<\/div>\n\t\t\t\t<\/div>\n\t\t\t<\/div>\n\t\t\t<a href=\"#\" class=\"mouse_btn\" style=\"display: none;\"><span class=\"icon fas fa-chevron-down\"><\/span><\/a>\n\t\t<\/div>\n\n\t\t\t\t<\/div>\n\t\t\t\t<\/div>\n\t\t\t\t\t<\/div>\n\t\t<\/div>\n\t\t\t\t\t\t\t<\/div>\n\t\t<\/section>\n\t\t\t\t\t\t\t<\/div>\n\t\t","protected":false},"excerpt":{"rendered":"<p>Hello, I\u2019m Mika\u00ebl Fourny, Expert in digital and contribution of expertise But also Blockchain specialist But also Web 3 specialist But also Teacher But also&#8230;<\/p>\n","protected":false},"author":1,"featured_media":0,"parent":0,"menu_order":0,"comment_status":"closed","ping_status":"closed","template":"template-elementor-builder.php","meta":[],"acf":[],"yoast_head":"<!-- This site is optimized with the Yoast SEO plugin v19.13 - https:\/\/yoast.com\/wordpress\/plugins\/seo\/ -->\n<title>Mika\u00ebl FOURNY - Personal Website - Mika\u00ebl FOURNY<\/title>\n<meta name=\"robots\" content=\"index, follow, max-snippet:-1, max-image-preview:large, max-video-preview:-1\" \/>\n<link rel=\"canonical\" href=\"https:\/\/mikael-fourny.fr\/\" \/>\n<meta property=\"og:locale\" content=\"fr_FR\" \/>\n<meta property=\"og:type\" content=\"article\" \/>\n<meta property=\"og:title\" content=\"Mika\u00ebl FOURNY - Personal Website - Mika\u00ebl FOURNY\" \/>\n<meta property=\"og:description\" content=\"Hello, I\u2019m Mika\u00ebl Fourny, Expert in digital and contribution of expertise But also Blockchain specialist But also Web 3 specialist But also Teacher But also...\" \/>\n<meta property=\"og:url\" content=\"https:\/\/mikael-fourny.fr\/\" \/>\n<meta property=\"og:site_name\" content=\"Mika\u00ebl FOURNY\" \/>\n<meta property=\"article:modified_time\" content=\"2024-03-03T16:12:49+00:00\" \/>\n<meta name=\"twitter:card\" content=\"summary_large_image\" \/>\n<meta name=\"twitter:label1\" content=\"Dur\u00e9e de lecture estim\u00e9e\" \/>\n\t<meta name=\"twitter:data1\" content=\"1 minute\" \/>\n<script type=\"application\/ld+json\" class=\"yoast-schema-graph\">{\"@context\":\"https:\/\/schema.org\",\"@graph\":[{\"@type\":\"WebPage\",\"@id\":\"https:\/\/mikael-fourny.fr\/\",\"url\":\"https:\/\/mikael-fourny.fr\/\",\"name\":\"Mika\u00ebl FOURNY - Personal Website - Mika\u00ebl FOURNY\",\"isPartOf\":{\"@id\":\"https:\/\/mikael-fourny.fr\/#website\"},\"datePublished\":\"2020-08-09T17:19:37+00:00\",\"dateModified\":\"2024-03-03T16:12:49+00:00\",\"breadcrumb\":{\"@id\":\"https:\/\/mikael-fourny.fr\/#breadcrumb\"},\"inLanguage\":\"fr-FR\",\"potentialAction\":[{\"@type\":\"ReadAction\",\"target\":[\"https:\/\/mikael-fourny.fr\/\"]}]},{\"@type\":\"BreadcrumbList\",\"@id\":\"https:\/\/mikael-fourny.fr\/#breadcrumb\",\"itemListElement\":[{\"@type\":\"ListItem\",\"position\":1,\"name\":\"Accueil\",\"item\":\"https:\/\/mikael-fourny.fr\/\"},{\"@type\":\"ListItem\",\"position\":2,\"name\":\"Mika\u00ebl FOURNY &#8211; Personal Website\"}]},{\"@type\":\"WebSite\",\"@id\":\"https:\/\/mikael-fourny.fr\/#website\",\"url\":\"https:\/\/mikael-fourny.fr\/\",\"name\":\"Mika\u00ebl FOURNY\",\"description\":\"Expertise num\u00e9rique\",\"potentialAction\":[{\"@type\":\"SearchAction\",\"target\":{\"@type\":\"EntryPoint\",\"urlTemplate\":\"https:\/\/mikael-fourny.fr\/?s={search_term_string}\"},\"query-input\":\"required name=search_term_string\"}],\"inLanguage\":\"fr-FR\"}]}<\/script>\n<!-- \/ Yoast SEO plugin. -->","yoast_head_json":{"title":"Mika\u00ebl FOURNY - Personal Website - Mika\u00ebl FOURNY","robots":{"index":"index","follow":"follow","max-snippet":"max-snippet:-1","max-image-preview":"max-image-preview:large","max-video-preview":"max-video-preview:-1"},"canonical":"https:\/\/mikael-fourny.fr\/","og_locale":"fr_FR","og_type":"article","og_title":"Mika\u00ebl FOURNY - Personal Website - Mika\u00ebl FOURNY","og_description":"Hello, I\u2019m Mika\u00ebl Fourny, Expert in digital and contribution of expertise But also Blockchain specialist But also Web 3 specialist But also Teacher But also...","og_url":"https:\/\/mikael-fourny.fr\/","og_site_name":"Mika\u00ebl FOURNY","article_modified_time":"2024-03-03T16:12:49+00:00","twitter_card":"summary_large_image","twitter_misc":{"Dur\u00e9e de lecture estim\u00e9e":"1 minute"},"schema":{"@context":"https:\/\/schema.org","@graph":[{"@type":"WebPage","@id":"https:\/\/mikael-fourny.fr\/","url":"https:\/\/mikael-fourny.fr\/","name":"Mika\u00ebl FOURNY - Personal Website - Mika\u00ebl FOURNY","isPartOf":{"@id":"https:\/\/mikael-fourny.fr\/#website"},"datePublished":"2020-08-09T17:19:37+00:00","dateModified":"2024-03-03T16:12:49+00:00","breadcrumb":{"@id":"https:\/\/mikael-fourny.fr\/#breadcrumb"},"inLanguage":"fr-FR","potentialAction":[{"@type":"ReadAction","target":["https:\/\/mikael-fourny.fr\/"]}]},{"@type":"BreadcrumbList","@id":"https:\/\/mikael-fourny.fr\/#breadcrumb","itemListElement":[{"@type":"ListItem","position":1,"name":"Accueil","item":"https:\/\/mikael-fourny.fr\/"},{"@type":"ListItem","position":2,"name":"Mika\u00ebl FOURNY &#8211; Personal Website"}]},{"@type":"WebSite","@id":"https:\/\/mikael-fourny.fr\/#website","url":"https:\/\/mikael-fourny.fr\/","name":"Mika\u00ebl FOURNY","description":"Expertise num\u00e9rique","potentialAction":[{"@type":"SearchAction","target":{"@type":"EntryPoint","urlTemplate":"https:\/\/mikael-fourny.fr\/?s={search_term_string}"},"query-input":"required name=search_term_string"}],"inLanguage":"fr-FR"}]}},"_links":{"self":[{"href":"https:\/\/mikael-fourny.fr\/index.php?rest_route=\/wp\/v2\/pages\/510"}],"collection":[{"href":"https:\/\/mikael-fourny.fr\/index.php?rest_route=\/wp\/v2\/pages"}],"about":[{"href":"https:\/\/mikael-fourny.fr\/index.php?rest_route=\/wp\/v2\/types\/page"}],"author":[{"embeddable":true,"href":"https:\/\/mikael-fourny.fr\/index.php?rest_route=\/wp\/v2\/users\/1"}],"replies":[{"embeddable":true,"href":"https:\/\/mikael-fourny.fr\/index.php?rest_route=%2Fwp%2Fv2%2Fcomments&post=510"}],"version-history":[{"count":8,"href":"https:\/\/mikael-fourny.fr\/index.php?rest_route=\/wp\/v2\/pages\/510\/revisions"}],"predecessor-version":[{"id":669,"href":"https:\/\/mikael-fourny.fr\/index.php?rest_route=\/wp\/v2\/pages\/510\/revisions\/669"}],"wp:attachment":[{"href":"https:\/\/mikael-fourny.fr\/index.php?rest_route=%2Fwp%2Fv2%2Fmedia&parent=510"}],"curies":[{"name":"wp","href":"https:\/\/api.w.org\/{rel}","templated":true}]}}